{"id":18,"date":"2023-03-31T18:57:56","date_gmt":"2023-03-31T16:57:56","guid":{"rendered":"http:\/\/wp12463810.server-he.de\/schulen\/1702\/?page_id=18"},"modified":"2026-03-25T07:12:26","modified_gmt":"2026-03-25T06:12:26","slug":"unsere-schule","status":"publish","type":"page","link":"https:\/\/grundschule-juri-gagarin.de\/index.php\/unsere-schule\/","title":{"rendered":"Unsere Schule"},"content":{"rendered":"\n<p><\/p>\n\n\n\n<p><strong>Unterrichtszeiten<\/strong><\/p>\n\n\n\n<figure class=\"wp-block-image size-large is-resized\"><img loading=\"lazy\" decoding=\"async\" width=\"1024\" height=\"908\" src=\"http:\/\/grundschule-juri-gagarin.de\/wp-content\/uploads\/2023\/10\/Stundenzeiten-1024x908.jpg\" alt=\"\" class=\"wp-image-471\" style=\"width:541px;height:480px\" srcset=\"https:\/\/grundschule-juri-gagarin.de\/wp-content\/uploads\/2023\/10\/Stundenzeiten-1024x908.jpg 1024w, https:\/\/grundschule-juri-gagarin.de\/wp-content\/uploads\/2023\/10\/Stundenzeiten-300x266.jpg 300w, https:\/\/grundschule-juri-gagarin.de\/wp-content\/uploads\/2023\/10\/Stundenzeiten-768x681.jpg 768w, https:\/\/grundschule-juri-gagarin.de\/wp-content\/uploads\/2023\/10\/Stundenzeiten.jpg 1360w\" sizes=\"auto, (max-width: 1024px) 100vw, 1024px\" \/><\/figure>\n\n\n\n<p><strong><br>Standort<\/strong><\/p>\n\n\n\n<p>Unsere Schule befindet sich in ruhiger Lage inmitten eines Wohngebietes. Das gro\u00dfz\u00fcgige Au\u00dfengel\u00e4nde mit mehreren Spielger\u00e4ten, einem Tischtennistisch und einem Fu\u00dfballplatz bietet den Sch\u00fclerinnen und Sch\u00fclern in den Pausen viel Platz zum Bewegen und Erholen. Laufbahnen und eine Sprunggrube befinden sich ebenfalls auf dem Schulgel\u00e4nde.<\/p>\n\n\n\n<p>Die Turnhalle befindet sich gegen\u00fcber unserer Schule.<\/p>\n\n\n\n<figure class=\"wp-block-gallery has-nested-images columns-default is-cropped wp-block-gallery-1 is-layout-flex wp-block-gallery-is-layout-flex\">\n<figure class=\"wp-block-image size-large\"><img loading=\"lazy\" decoding=\"async\" width=\"1024\" height=\"576\" data-id=\"287\" src=\"http:\/\/grundschule-juri-gagarin.de\/wp-content\/uploads\/2023\/08\/IMG_20230823_1231111-1024x576.jpg\" alt=\"\" class=\"wp-image-287\" srcset=\"https:\/\/grundschule-juri-gagarin.de\/wp-content\/uploads\/2023\/08\/IMG_20230823_1231111-1024x576.jpg 1024w, https:\/\/grundschule-juri-gagarin.de\/wp-content\/uploads\/2023\/08\/IMG_20230823_1231111-300x169.jpg 300w, https:\/\/grundschule-juri-gagarin.de\/wp-content\/uploads\/2023\/08\/IMG_20230823_1231111-768x432.jpg 768w, https:\/\/grundschule-juri-gagarin.de\/wp-content\/uploads\/2023\/08\/IMG_20230823_1231111-1536x864.jpg 1536w, https:\/\/grundschule-juri-gagarin.de\/wp-content\/uploads\/2023\/08\/IMG_20230823_1231111-2048x1152.jpg 2048w\" sizes=\"auto, (max-width: 1024px) 100vw, 1024px\" \/><\/figure>\n\n\n\n<figure class=\"wp-block-image size-large\"><img loading=\"lazy\" decoding=\"async\" width=\"1024\" height=\"576\" data-id=\"288\" src=\"http:\/\/grundschule-juri-gagarin.de\/wp-content\/uploads\/2023\/08\/IMG_20230823_1233561-1024x576.jpg\" alt=\"\" class=\"wp-image-288\" srcset=\"https:\/\/grundschule-juri-gagarin.de\/wp-content\/uploads\/2023\/08\/IMG_20230823_1233561-1024x576.jpg 1024w, https:\/\/grundschule-juri-gagarin.de\/wp-content\/uploads\/2023\/08\/IMG_20230823_1233561-300x169.jpg 300w, https:\/\/grundschule-juri-gagarin.de\/wp-content\/uploads\/2023\/08\/IMG_20230823_1233561-768x432.jpg 768w, https:\/\/grundschule-juri-gagarin.de\/wp-content\/uploads\/2023\/08\/IMG_20230823_1233561-1536x864.jpg 1536w, https:\/\/grundschule-juri-gagarin.de\/wp-content\/uploads\/2023\/08\/IMG_20230823_1233561-2048x1152.jpg 2048w\" sizes=\"auto, (max-width: 1024px) 100vw, 1024px\" \/><\/figure>\n<\/figure>\n\n\n\n<figure class=\"wp-block-gallery has-nested-images columns-default is-cropped wp-block-gallery-2 is-layout-flex wp-block-gallery-is-layout-flex\">\n<figure class=\"wp-block-image size-large\"><img loading=\"lazy\" decoding=\"async\" width=\"1024\" height=\"576\" data-id=\"280\" src=\"http:\/\/grundschule-juri-gagarin.de\/wp-content\/uploads\/2023\/08\/IMG_20230823_1233211-1024x576.jpg\" alt=\"\" class=\"wp-image-280\" srcset=\"https:\/\/grundschule-juri-gagarin.de\/wp-content\/uploads\/2023\/08\/IMG_20230823_1233211-1024x576.jpg 1024w, https:\/\/grundschule-juri-gagarin.de\/wp-content\/uploads\/2023\/08\/IMG_20230823_1233211-300x169.jpg 300w, https:\/\/grundschule-juri-gagarin.de\/wp-content\/uploads\/2023\/08\/IMG_20230823_1233211-768x432.jpg 768w, https:\/\/grundschule-juri-gagarin.de\/wp-content\/uploads\/2023\/08\/IMG_20230823_1233211-1536x864.jpg 1536w, https:\/\/grundschule-juri-gagarin.de\/wp-content\/uploads\/2023\/08\/IMG_20230823_1233211-2048x1152.jpg 2048w\" sizes=\"auto, (max-width: 1024px) 100vw, 1024px\" \/><\/figure>\n\n\n\n<figure class=\"wp-block-image size-large\"><img loading=\"lazy\" decoding=\"async\" width=\"1024\" height=\"576\" data-id=\"279\" src=\"http:\/\/grundschule-juri-gagarin.de\/wp-content\/uploads\/2023\/08\/IMG_20230823_1231301-1024x576.jpg\" alt=\"\" class=\"wp-image-279\" srcset=\"https:\/\/grundschule-juri-gagarin.de\/wp-content\/uploads\/2023\/08\/IMG_20230823_1231301-1024x576.jpg 1024w, https:\/\/grundschule-juri-gagarin.de\/wp-content\/uploads\/2023\/08\/IMG_20230823_1231301-300x169.jpg 300w, https:\/\/grundschule-juri-gagarin.de\/wp-content\/uploads\/2023\/08\/IMG_20230823_1231301-768x432.jpg 768w, https:\/\/grundschule-juri-gagarin.de\/wp-content\/uploads\/2023\/08\/IMG_20230823_1231301-1536x864.jpg 1536w, https:\/\/grundschule-juri-gagarin.de\/wp-content\/uploads\/2023\/08\/IMG_20230823_1231301-2048x1152.jpg 2048w\" sizes=\"auto, (max-width: 1024px) 100vw, 1024px\" \/><\/figure>\n\n\n\n<figure class=\"wp-block-image size-large\"><img loading=\"lazy\" decoding=\"async\" width=\"1024\" height=\"576\" data-id=\"289\" src=\"http:\/\/grundschule-juri-gagarin.de\/wp-content\/uploads\/2023\/08\/IMG_20230823_1234121-1024x576.jpg\" alt=\"\" class=\"wp-image-289\" srcset=\"https:\/\/grundschule-juri-gagarin.de\/wp-content\/uploads\/2023\/08\/IMG_20230823_1234121-1024x576.jpg 1024w, https:\/\/grundschule-juri-gagarin.de\/wp-content\/uploads\/2023\/08\/IMG_20230823_1234121-300x169.jpg 300w, https:\/\/grundschule-juri-gagarin.de\/wp-content\/uploads\/2023\/08\/IMG_20230823_1234121-768x432.jpg 768w, https:\/\/grundschule-juri-gagarin.de\/wp-content\/uploads\/2023\/08\/IMG_20230823_1234121-1536x864.jpg 1536w, https:\/\/grundschule-juri-gagarin.de\/wp-content\/uploads\/2023\/08\/IMG_20230823_1234121-2048x1152.jpg 2048w\" sizes=\"auto, (max-width: 1024px) 100vw, 1024px\" \/><\/figure>\n<\/figure>\n\n\n\n<p><strong><br>Leitlinien<\/strong><\/p>\n\n\n\n<p>Unsere Schule ist f\u00fcr alle Sch\u00fclerinnen und Sch\u00fcler, Lehrerinnen und Lehrer ein Lern- und Lebensraum, in dem sie sich angenommen und geborgen f\u00fchlen. Das Schulklima ist gepr\u00e4gt von Offenheit, Sachlichkeit, Zuverl\u00e4ssigkeit und gegenseitigem Respekt.<\/p>\n\n\n\n<p>Alle Lehrerinnen und Lehrer haben Verst\u00e4ndnis f\u00fcr die Sorgen und Probleme der Kinder und Eltern.<\/p>\n\n\n\n<p>Lernen lernen ist ebenso wichtig wie die Vermittlung von Kenntnissen und Fertigkeiten.<\/p>\n\n\n\n<p>Die Lehrerinnen und Lehrer sind Vorbild f\u00fcr die Sch\u00fclerinnen und Sch\u00fcler, stets um Gerechtigkeit bem\u00fcht und nehmen sich Zeit, Konflikte anzusprechen und zu l\u00f6sen.<\/p>\n\n\n\n<p>Alle Lehrerinnen und Lehrer erkennen und f\u00f6rdern die unterschiedlichen F\u00e4higkeiten und Fertigkeiten ihrer Sch\u00fclerinnen und Sch\u00fcler.<\/p>\n\n\n\n<p>F\u00fcr unsere Sch\u00fclerinnen und Sch\u00fcler ist der Erwerb von fremdsprachlichen Kompetenzen fester Bestandteil des Schulalltages. Dabei werden sie von allen Lehrerinnen und Lehrern begleitet und unterst\u00fctzt.<\/p>\n\n\n\n<p>Alle Lehrerinnen und Lehrer arbeiten kollegial zusammen und streben ein vertrauensvolles Verh\u00e4ltnis zu den Eltern an.<\/p>\n\n\n\n<p>Zusammenarbeit mit au\u00dferschulischen Institutionen ist fester Bestandteil unseres Schulalltages.<\/p>\n\n\n\n<p>Fachliche Hilfe wird bei Bedarf angefordert und hinzugezogen.<\/p>\n\n\n\n<p>St\u00e4ndige Weiterbildung ist ein Muss f\u00fcr jede Kollegin und jeden Kollegen.<\/p>\n\n\n\n<p>Lehramtsstudierende der Universit\u00e4t Rostock absolvieren regelm\u00e4\u00dfig ihr Praktikum an unserer Schule.<\/p>\n\n\n\n<figure class=\"wp-block-gallery has-nested-images columns-default is-cropped wp-block-gallery-3 is-layout-flex wp-block-gallery-is-layout-flex\">\n<figure class=\"wp-block-image size-large\"><img loading=\"lazy\" decoding=\"async\" width=\"1024\" height=\"452\" data-id=\"608\" src=\"http:\/\/grundschule-juri-gagarin.de\/wp-content\/uploads\/2024\/02\/P1310016-2-1024x452.jpg\" alt=\"\" class=\"wp-image-608\" srcset=\"https:\/\/grundschule-juri-gagarin.de\/wp-content\/uploads\/2024\/02\/P1310016-2-1024x452.jpg 1024w, https:\/\/grundschule-juri-gagarin.de\/wp-content\/uploads\/2024\/02\/P1310016-2-300x132.jpg 300w, https:\/\/grundschule-juri-gagarin.de\/wp-content\/uploads\/2024\/02\/P1310016-2-768x339.jpg 768w, https:\/\/grundschule-juri-gagarin.de\/wp-content\/uploads\/2024\/02\/P1310016-2-1536x678.jpg 1536w, https:\/\/grundschule-juri-gagarin.de\/wp-content\/uploads\/2024\/02\/P1310016-2-2048x904.jpg 2048w\" sizes=\"auto, (max-width: 1024px) 100vw, 1024px\" \/><\/figure>\n\n\n\n<figure class=\"wp-block-image size-large\"><img loading=\"lazy\" decoding=\"async\" width=\"1024\" height=\"768\" data-id=\"602\" src=\"http:\/\/grundschule-juri-gagarin.de\/wp-content\/uploads\/2024\/02\/P1310009-1024x768.jpg\" alt=\"\" class=\"wp-image-602\" srcset=\"https:\/\/grundschule-juri-gagarin.de\/wp-content\/uploads\/2024\/02\/P1310009-1024x768.jpg 1024w, https:\/\/grundschule-juri-gagarin.de\/wp-content\/uploads\/2024\/02\/P1310009-300x225.jpg 300w, https:\/\/grundschule-juri-gagarin.de\/wp-content\/uploads\/2024\/02\/P1310009-768x576.jpg 768w, https:\/\/grundschule-juri-gagarin.de\/wp-content\/uploads\/2024\/02\/P1310009-1536x1152.jpg 1536w, https:\/\/grundschule-juri-gagarin.de\/wp-content\/uploads\/2024\/02\/P1310009-2048x1536.jpg 2048w\" sizes=\"auto, (max-width: 1024px) 100vw, 1024px\" \/><\/figure>\n\n\n\n<figure class=\"wp-block-image size-large\"><img loading=\"lazy\" decoding=\"async\" width=\"2560\" height=\"1920\" data-id=\"616\" src=\"http:\/\/grundschule-juri-gagarin.de\/wp-content\/uploads\/2024\/02\/P1310008-edited-scaled.jpg\" alt=\"\" class=\"wp-image-616\" srcset=\"https:\/\/grundschule-juri-gagarin.de\/wp-content\/uploads\/2024\/02\/P1310008-edited-scaled.jpg 2560w, https:\/\/grundschule-juri-gagarin.de\/wp-content\/uploads\/2024\/02\/P1310008-edited-300x225.jpg 300w, https:\/\/grundschule-juri-gagarin.de\/wp-content\/uploads\/2024\/02\/P1310008-edited-1024x768.jpg 1024w, https:\/\/grundschule-juri-gagarin.de\/wp-content\/uploads\/2024\/02\/P1310008-edited-768x576.jpg 768w, https:\/\/grundschule-juri-gagarin.de\/wp-content\/uploads\/2024\/02\/P1310008-edited-1536x1152.jpg 1536w, https:\/\/grundschule-juri-gagarin.de\/wp-content\/uploads\/2024\/02\/P1310008-edited-2048x1536.jpg 2048w\" sizes=\"auto, (max-width: 2560px) 100vw, 2560px\" \/><\/figure>\n<\/figure>\n\n\n\n<p><strong><br>Kollegium<\/strong><\/p>\n\n\n\n<p>Unser Kollegium besteht aus 19 Lehrerinnen und 1 Referendarin.<\/p>\n\n\n\n<p>Schulleiterin:&nbsp; Frau D\u00f6ring<br>Stellv. Schulleiterin:&nbsp; Frau Nieb\u00e4umer<\/p>\n\n\n\n<p><strong><br>Klassen<\/strong><\/p>\n\n\n\n<p>Insgesamt 12 Klassen werden bei uns von der 1. bis zur 4. Klasse unterrichtet. Aktuell lernen an unserer Schule 260 Sch\u00fclerinnen und Sch\u00fcler.<\/p>\n\n\n\n<p><br><strong>Sprachunterricht: Englisch und Franz\u00f6sisch ab Klasse 1<\/strong><\/p>\n\n\n\n<p>1.\/2. Klasse<br>Wissenschaftliche Studien haben gezeigt, dass Kinder in fr\u00fcheren Lebensjahren Sprachen wesentlich effektiver lernen. Deshalb werden unsere Sch\u00fclerinnen und Sch\u00fcler bereits ab der 1. Klasse wahlweise an die englische oder franz\u00f6sische Sprache herangef\u00fchrt.<\/p>\n\n\n\n<p>3.\/4. Klasse<br>Ab der 3. Klasse ist f\u00fcr alle Sch\u00fclerinnen und Sch\u00fcler Englisch ein Pflichtfach, welches bewertet wird. Auch die Sch\u00fcler und Sch\u00fclerinnen, die Franz\u00f6sisch als Fremdsprache erwerben, nehmen zus\u00e4tzlich am Englischunterricht teil. Unterst\u00fctzt werden unsere Franz\u00f6sischlehrerinnen nach M\u00f6glichkeit in jedem Schuljahr durch eine ausl\u00e4ndische Fremdsprachenassistenzkraft (franz\u00f6sische Muttersprachler). Der Franz\u00f6sischunterricht wird nicht bewertet.<\/p>\n\n\n\n<p><br><strong>Digitale Medien<\/strong><\/p>\n\n\n\n<p>Alle R\u00e4ume sind mit digitalen Tafeln ausgestattet.<\/p>\n\n\n<div class=\"wp-block-image\">\n<figure class=\"aligncenter size-large is-resized\"><img loading=\"lazy\" decoding=\"async\" width=\"1024\" height=\"576\" src=\"http:\/\/grundschule-juri-gagarin.de\/wp-content\/uploads\/2024\/02\/P1310007-1-edited-1024x576.jpg\" alt=\"\" class=\"wp-image-613\" style=\"width:522px;height:293px\" srcset=\"https:\/\/grundschule-juri-gagarin.de\/wp-content\/uploads\/2024\/02\/P1310007-1-edited-1024x576.jpg 1024w, https:\/\/grundschule-juri-gagarin.de\/wp-content\/uploads\/2024\/02\/P1310007-1-edited-300x169.jpg 300w, https:\/\/grundschule-juri-gagarin.de\/wp-content\/uploads\/2024\/02\/P1310007-1-edited-768x432.jpg 768w, https:\/\/grundschule-juri-gagarin.de\/wp-content\/uploads\/2024\/02\/P1310007-1-edited-1536x864.jpg 1536w, https:\/\/grundschule-juri-gagarin.de\/wp-content\/uploads\/2024\/02\/P1310007-1-edited-2048x1152.jpg 2048w\" sizes=\"auto, (max-width: 1024px) 100vw, 1024px\" \/><\/figure>\n<\/div>\n\n<div class=\"wp-block-image\">\n<figure class=\"alignright size-large is-resized\"><img loading=\"lazy\" decoding=\"async\" width=\"768\" height=\"1024\" src=\"http:\/\/grundschule-juri-gagarin.de\/wp-content\/uploads\/2024\/02\/P1310014-2-768x1024.jpg\" alt=\"\" class=\"wp-image-615\" style=\"width:181px;height:241px\" srcset=\"https:\/\/grundschule-juri-gagarin.de\/wp-content\/uploads\/2024\/02\/P1310014-2-768x1024.jpg 768w, https:\/\/grundschule-juri-gagarin.de\/wp-content\/uploads\/2024\/02\/P1310014-2-225x300.jpg 225w, https:\/\/grundschule-juri-gagarin.de\/wp-content\/uploads\/2024\/02\/P1310014-2-1152x1536.jpg 1152w, https:\/\/grundschule-juri-gagarin.de\/wp-content\/uploads\/2024\/02\/P1310014-2-1535x2048.jpg 1535w, https:\/\/grundschule-juri-gagarin.de\/wp-content\/uploads\/2024\/02\/P1310014-2-scaled.jpg 1919w\" sizes=\"auto, (max-width: 768px) 100vw, 768px\" \/><\/figure>\n<\/div>\n\n\n<p>F\u00fcr den Einsatz im Unterricht stehen iPads mit zahlreichen p\u00e4dagogischen Apps zur Verf\u00fcgung.<\/p>\n\n\n\n<p>Ab der 1. Klasse nutzen die Sch\u00fclerinnen und Sch\u00fcler regelm\u00e4\u00dfig den Computerraum. Die Arbeit mit speziellen Programmen f\u00fcr die F\u00e4cher Deutsch, Mathematik, Englisch und Franz\u00f6sisch und die altersgem\u00e4\u00dfe Arbeit mit dem Internet bietet den Sch\u00fclerinnen und Sch\u00fclern die M\u00f6glichkeit, sich selbstst\u00e4ndig und im eigenen Tempo Wissen anzueignen und zu vertiefen.<\/p>\n","protected":false},"excerpt":{"rendered":"<p>Unterrichtszeiten Standort Unsere Schule befindet sich in ruhiger Lage inmitten eines Wohngebietes. Das gro\u00dfz\u00fcgige Au\u00dfengel\u00e4nde mit mehreren Spielger\u00e4ten, einem Tischtennistisch und einem Fu\u00dfballplatz bietet den Sch\u00fclerinnen und Sch\u00fclern in den Pausen viel Platz zum Bewegen und Erholen. Laufbahnen und eine &hellip; <a href=\"https:\/\/grundschule-juri-gagarin.de\/index.php\/unsere-schule\/\">Weiterlesen <span class=\"meta-nav\">&rarr;<\/span><\/a><\/p>\n","protected":false},"author":1,"featured_media":0,"parent":0,"menu_order":0,"comment_status":"closed","ping_status":"closed","template":"","meta":{"footnotes":""},"class_list":["post-18","page","type-page","status-publish","hentry"],"_links":{"self":[{"href":"https:\/\/grundschule-juri-gagarin.de\/index.php\/wp-json\/wp\/v2\/pages\/18","targetHints":{"allow":["GET"]}}],"collection":[{"href":"https:\/\/grundschule-juri-gagarin.de\/index.php\/wp-json\/wp\/v2\/pages"}],"about":[{"href":"https:\/\/grundschule-juri-gagarin.de\/index.php\/wp-json\/wp\/v2\/types\/page"}],"author":[{"embeddable":true,"href":"https:\/\/grundschule-juri-gagarin.de\/index.php\/wp-json\/wp\/v2\/users\/1"}],"replies":[{"embeddable":true,"href":"https:\/\/grundschule-juri-gagarin.de\/index.php\/wp-json\/wp\/v2\/comments?post=18"}],"version-history":[{"count":39,"href":"https:\/\/grundschule-juri-gagarin.de\/index.php\/wp-json\/wp\/v2\/pages\/18\/revisions"}],"predecessor-version":[{"id":1280,"href":"https:\/\/grundschule-juri-gagarin.de\/index.php\/wp-json\/wp\/v2\/pages\/18\/revisions\/1280"}],"wp:attachment":[{"href":"https:\/\/grundschule-juri-gagarin.de\/index.php\/wp-json\/wp\/v2\/media?parent=18"}],"curies":[{"name":"wp","href":"https:\/\/api.w.org\/{rel}","templated":true}]}}